git of 5551 - (8 + 1)/(-3)?
5
Let y(k) = -k**3 + 3*k**2 + 4*k - 7. Let i be y(3). Suppose 0 = 4*m - 2*a + 700 - 2262, 0 = 3*m + i*a - 1191. Let z = 688 - m. What is the units digit of z?
6
Let c(m) be the first derivative of -m**4/4 + 2*m**3 + 41*m**2/2 - 9*m - 5. What is the tens digit of c(8)?
9
Let n be 2 + (3 - 9) + (12 - 4). Suppose 6*v + 340 = 3*r + 2*v, n*r = 2*v + 470. Let l = 238 - r. What is the hundreds digit of l?
1
Let y = -1254 - -2629. Suppose -y = -9*n + 5*n + 3*h, -2*h = 10. Suppose n = 2*x + 2*t, -x + 6*x = 5*t + 800. What is the units digit of x?
5
Let z = 337 + -231. Let c = z + 508. Let j = c + -329. What is the hundreds digit of j?
2
Suppose -3*y + 114599 = -4*o, 3*y + 5*o - 62091 = 52463. What is the units digit of y?
3
Suppose 6*c = 658 - 136. Suppose -2*g - 3*g - k - 225 = 0, 4*g + 179 = -k. Let q = g + c. What is the tens digit of q?
4
Let q be (-6)/(-4) + 18/(-4). What is the tens digit of (-924)/56*6*q?
9
Suppose 0 = -5*v - 2*h + 27454, -v + 7*h - 12*h + 5477 = 0. What is the thousands digit of v?
5
Let r(z) be the second derivative of z**4/6 + 3*z**3/2 + 8*z**2 + 10*z - 1. What is the tens digit of r(-4)?
1
Let d = -30 - -32. Suppose 3*y = -11 + d, -q - 4*y = -133. Suppose 4*k - 9*k = -q. What is the units digit of k?
9
Suppose -5*d + j - 6*j + 25 = 0, 3*d - 17 = -5*j. Let g be ((-376)/(-235))/((d/(-10))/(-2)). Suppose -14 - 466 = -g*k. What is the tens digit of k?
6
Let q be (24 - -6)*8/(-10). What is the tens digit of (-2056)/q*7 - 20/12?
9
Let h = 519 + -520. What is the units digit of -12*h/(4/114)?
2
Let z(r) be the first derivative of -r**4/4 + 10*r**3/3 + 81*r**2/2 + 12*r - 116. What is the tens digit of z(12)?
9
Let b be 50/(-15)*(-2136)/16. Suppose -b - 962 = -7*d. What is the tens digit of d?
0
Let b(n) = 181*n**3 - 20 + 185*n**3 - 367*n**3 + 21*n**2 + 45*n. What is the tens digit of b(22)?
8
Let m = 7853 - 3054. What is the units digit of m?
9
Suppose 0 = -w + 4 - 1. Suppose i - 4*i - 6 = -2*s, -9 = -w*s + i. Suppose -2*a = s*a + 3*h - 144, 5*a - 150 = -5*h. What is the tens digit of a?
2
What is the thousands digit of 13*-343*(-30)/105?
1
Suppose g - 25 = -19. What is the tens digit of 5447/39 - (2 - 14/g)?
4
Let x be (-7)/14 - 7/(-2). Suppose 2*f - 196 = 4*j, 4*j - 302 = -x*f + 6*j. Let m = -59 + f. What is the units digit of m?
3
Let a(b) = 90*b**3 - b**2 - 72*b + 322. What is the tens digit of a(4)?
7
Let b = 172810 - 121164. What is the ten thousands digit of b?
5
Let l be ((-5)/(-10))/((-3)/(-168)). Let c(d) = -13*d - 1. Let x be c(-2). Suppose -363 = x*g - l*g. What is the hundreds digit of g?
1
Let x(y) = y**2 - 5*y - 1. Suppose -2*z - 104 = -116. What is the units digit of x(z)?
5
Let z be (9 - -1) + (-4)/(-12)*-15. Suppose v = -3*q + 1099, q + 5603 - 140 = z*v. What is the units digit of v?
3
Suppose 0 = -792*u + 812*u - 757500. What is the units digit of u?
5
Suppose 0 = -5*c - 14 + 29. Suppose 3*z - 5*t + 24 = -0*z, c*t = 9. Let y(u) = 8*u**2 - 4*u - 4. What is the units digit of y(z)?
0
Let z = -2693 - -10165. What is the hundreds digit of z?
4
Suppose -14*g + 286838 = -106310. What is the units digit of g?
2
Suppose 536854 - 261875 = 10*w - 234321. What is the units digit of w?
0
Suppose -2*v - 16 + 57 = 3*x, -x + 4*v = -9. Suppose x*b - 6*b - 14 = 0. Suppose -2*r = -4*j - 184, 0 = 4*r + 3*j + b*j - 381. What is the units digit of r?
4
Suppose -788*z + 19740125 = -393*z. What is the hundreds digit of z?
9
Let r(t) = t**3 + 12*t**2 - 9*t + 30. Let i be r(8). Let f be (i/10)/((-2)/(-10)). Let u = 908 - f. What is the tens digit of u?
8
Let t be 0/((-10)/(-6 - -11)*1). Suppose -18*b + 2*b + 880 = t. What is the tens digit of b?
5
Suppose -5*f + 26166 + 30223 = -4*l, 0 = 9*f - 2*l - 101495. What is the tens digit of f?
7
Let a be (-4)/26 + 150/130 + -3. What is the units digit of (-1)/(a/2) + (-5 - -50)?
6
Let h(f) = -425*f**3 + 6*f**2 + 9*f - 4. Let g be h(-2). Suppose 3*c = -3*d - 0*c + g, -c - 1142 = -d. What is the tens digit of d?
3
Suppose 4*b - 4162 = -5*u, 5*b = -2*u + 253 + 1405. Suppose 959 = 3*n - 2*d - 975, 3*n - 20*d - 1898 = 0. Suppose -5*j + u = -n. What is the tens digit of j?
9
Suppose -f - f = 2*g - 112, -4*f + 104 = 2*g. Suppose 3*c = -4*x - g + 451, 4*x = 4*c - 540. What is the units digit of c?
3
Let f(s) = -s**2 + 271*s + 222. What is the tens digit of f(70)?
9
What is the units digit of (-6)/20 + (-16395)/(-300)*82?
1
Let d(c) = -3*c - 33. Let p be d(-12). Let u be 2/(1 - (p - 4)). Let s = 26 - u. What is the tens digit of s?
2
Suppose -3*f + 0*f + 255 = 4*l, -3*f + 258 = 5*l. Let j = 779 - f. What is the tens digit of j?
9
Let v(h) = 963*h - 428. What is the tens digit of v(23)?
2
Let d(l) be the first derivative of -118*l**2 - 25*l + 42. What is the units digit of d(-3)?
3
Suppose -68*l + 77*l - 54 = 0. Let p(a) = 43*a + 60. What is the tens digit of p(l)?
1
Suppose -51 = -13*j + 79. What is the tens digit of (12/54 + j/9)*309?
1
Let s be (1 - -170) + (-27)/3. Suppose s*a - 175*a + 20904 = 0. What is the tens digit of a?
0
Suppose -26*r = 11 - 115. What is the tens digit of r + 0 + -2 + 824?
2
Let s = -15448 - -56838. What is the units digit of s?
0
Suppose -3*k + 113 = 101. Let a(n) = 413*n**2 - 3*n - 2. Let s be a(-1). Suppose k*i - 142 = -m, 3*m - i = -27 + s. What is the hundreds digit of m?
1
Let d(h) = h**3 - 12*h**2 + 27*h. Let p be d(9). Let i(q) = -15*q + 681. What is the hundreds digit of i(p)?
6
Suppose 6*a - 1645 = 2147. Suppose 0 = -2*p + a + 282. What is the tens digit of p?
5
What is the thousands digit of (-15606)/(-15) - 16/40?
1
What is the hundreds digit of -1*4/2 + 2 + (4 - -16687)?
6
Let q(g) = 557*g + 4815. What is the hundreds digit of q(48)?
5
Let k = -1635 - -4732. What is the thousands digit of k?
3
Suppose 0*q - 3*q + d + 52 = 0, -3*d = -6. Suppose -1520 - 100 = -q*p. What is the units digit of p?
0
Suppose -2*m + 3*a + 957 = 0, -4*m - m = 3*a - 2403. Let g be -7 + m/56 - 8/14. What is the tens digit of (-75 - -1)/g*-2?
4
Let b = -918 + 6499. Suppose 0 = -3*q + 4*y + 4186, -q - b = -5*q + 5*y. What is the hundreds digit of q?
3
Suppose -d + 12242 = -x, -607*d - 12224 = -608*d - 5*x. What is the thousands digit of d?
2
Let n(u) = 1862*u + 138. What is the hundreds digit of n(3)?
7
Suppose 4*x - 3*x = 7. Let n be ((-3)/2)/(x/(-14)). Let i = n + 27. What is the tens digit of i?
3
Let i be (7 - 51/9)/(6/6255). Let c = 2431 - i. What is the tens digit of c?
4
Let l = 19 - 11. Suppose 0*d = -l*d - 2752. Let g = 505 + d. What is the tens digit of g?
6
Suppose -2*h = -5*l + 3*h + 35, -4*l + 44 = 4*h. What is the tens digit of 2 - l - 616/(-7)?
8
Let r(b) be the third derivative of -b**6/90 + 43*b**5/120 + 5*b**4/6 - 7*b**2. Let h(k) be the second derivative of r(k). What is the tens digit of h(-15)?
6
Let i(w) = 9*w**2 - 27*w + 10. Suppose -456 = 17*k + 21*k. What is the tens digit of i(k)?
3
Let d = 140269 + -85150. What is the ten thousands digit of d?
5
Let s = -395 + 395. Suppose -4*j + s*u + 3659 = 3*u, 2713 = 3*j - 4*u. What is the hundreds digit of j?
9
Suppose 31860 = 4*i - 2*q, i + 2495*q - 7951 = 2499*q. What is the units digit of i?
7
Let w(h) = h**3 - 19*h**2 + 21*h + 2. Let o be w(18). Suppose -o*t + 41541 = -12835. What is the units digit of t?
1
Let z = -114299 - -173530. What is the units digit of z?
1
Let m be 8/(0 - -4) + (2 - -1). Suppose -m*q = -235 - 430. Suppose 4*k - 187 - q = 0. What is the units digit of k?
0
Let o = -178 - -340. What is the units digit of o/(-135) - (-9752)/10?
4
Let y(s) = 14*s**2 - 53*s - 7. Let m be y(4). Suppose 3*f + 86 = 5*b, -5*b - 4*f + 90 = -9*f. Suppose m*d - 211 + b = 0. What is the units digit of d?
9
Let f(v) = -v**2 - 7*v + 29. Let r be f(-13). Let a(h) = -h**3 - 3*h**2 - 4*h + 2. Let p be a(-5). Let m = p + r. What is the units digit of m?
3
Let v be (-1998)/12*(-8)/18. Suppose v = 2*u - 3*y, -3*u + 54 = -2*y - 57. What is the units digit of u?
7
Suppose 4*a = -3*b + 8108, -4*b - 2*a + 3172 = -7642. What is the hundreds digit of b?
7
Let b(o) = -2*o**2 + 5*o + 18. Let y be b(4). Suppose 3*r + 2 = -c, 2*r + 24 = 3*c + 2*c. Suppose -y = -5*q + c*q. What is the units digit of q?
6
Suppose -24*w = 2*j - 17*w - 19651, 4*w = 2*j - 19596. What is the tens digit of j?
0
Suppose 0 = -2*d + 10, -3*d